{"id":23,"date":"2024-07-01T07:38:44","date_gmt":"2024-07-01T07:38:44","guid":{"rendered":"http:\/\/vihdinjaahalli.fi.wwwdev1.kyberjoukot.fi\/?page_id=23"},"modified":"2025-09-09T09:46:01","modified_gmt":"2025-09-09T06:46:01","slug":"jaahallit","status":"publish","type":"page","link":"https:\/\/vihdinurheiluhallit.fi\/?page_id=23","title":{"rendered":"Esbecon Areena"},"content":{"rendered":"<div id=\"fb-root\"><\/div>\n\n<p>Esbecon Areenan j\u00e4\u00e4hallit sijaitsevat osoitteessa Kuoppanummentie 20, Nummela. Kilpahallin puolella on seitsem\u00e4n pukuhuonetta, katsomo ja kokoustila. K\u00e4ynti harjoitushalliin tapahtuu p\u00e4\u00e4sis\u00e4\u00e4nk\u00e4ynnin kautta, kilpahallin l\u00e4pi. Harjoitushallissa ei ole erillist\u00e4 katsomoa.<\/p>\n\n\n\n<p>Esbecon Areenan kilpahallin puolella toimii my\u00f6s kahvio ja myym\u00e4l\u00e4, jotka ovat auki vain turnausp\u00e4ivin\u00e4.<\/p>\n\n\n\n<p>Luistinhuolto- ja teroitustilaukset tehd\u00e4\u00e4n kahviossa.<\/p>\n\n\n\n<div class=\"wp-block-columns is-layout-flex wp-container-core-columns-is-layout-9d6595d7 wp-block-columns-is-layout-flex\">\n<div class=\"wp-block-column is-layout-flow wp-block-column-is-layout-flow\" style=\"flex-basis:100%\">\n<figure class=\"wp-block-image size-large\"><img fetchpriority=\"high\" decoding=\"async\" width=\"1024\" height=\"704\" src=\"http:\/\/vihdinjaahalli.fi.wwwdev1.kyberjoukot.fi\/wp-content\/uploads\/2024\/08\/jaahallit24-1024x704.png\" alt=\"\" class=\"wp-image-283\" srcset=\"https:\/\/vihdinurheiluhallit.fi\/wp-content\/uploads\/2024\/08\/jaahallit24-1024x704.png 1024w, https:\/\/vihdinurheiluhallit.fi\/wp-content\/uploads\/2024\/08\/jaahallit24-300x206.png 300w, https:\/\/vihdinurheiluhallit.fi\/wp-content\/uploads\/2024\/08\/jaahallit24-768x528.png 768w, https:\/\/vihdinurheiluhallit.fi\/wp-content\/uploads\/2024\/08\/jaahallit24-1536x1056.png 1536w, https:\/\/vihdinurheiluhallit.fi\/wp-content\/uploads\/2024\/08\/jaahallit24-2048x1408.png 2048w, https:\/\/vihdinurheiluhallit.fi\/wp-content\/uploads\/2024\/08\/jaahallit24-600x412.png 600w\" sizes=\"(max-width: 1024px) 100vw, 1024px\" \/><\/figure>\n<\/div>\n<\/div>\n\n\n\n<div class=\"wp-block-columns is-layout-flex wp-container-core-columns-is-layout-9d6595d7 wp-block-columns-is-layout-flex\">\n<div class=\"wp-block-column is-layout-flow wp-block-column-is-layout-flow\" style=\"flex-basis:100%\">\n<figure class=\"wp-block-gallery has-nested-images columns-default is-cropped wp-block-gallery-1 is-layout-flex wp-block-gallery-is-layout-flex\">\n<figure class=\"wp-block-image size-large\"><img decoding=\"async\" width=\"1024\" height=\"768\" data-id=\"587\" src=\"https:\/\/vihdinurheiluhallit.fi\/wp-content\/uploads\/2024\/11\/WhatsApp-Image-2024-11-08-at-15.28.34-1024x768.jpeg\" alt=\"\" class=\"wp-image-587\" srcset=\"https:\/\/vihdinurheiluhallit.fi\/wp-content\/uploads\/2024\/11\/WhatsApp-Image-2024-11-08-at-15.28.34-1024x768.jpeg 1024w, https:\/\/vihdinurheiluhallit.fi\/wp-content\/uploads\/2024\/11\/WhatsApp-Image-2024-11-08-at-15.28.34-300x225.jpeg 300w, https:\/\/vihdinurheiluhallit.fi\/wp-content\/uploads\/2024\/11\/WhatsApp-Image-2024-11-08-at-15.28.34-768x576.jpeg 768w, https:\/\/vihdinurheiluhallit.fi\/wp-content\/uploads\/2024\/11\/WhatsApp-Image-2024-11-08-at-15.28.34-1536x1152.jpeg 1536w, https:\/\/vihdinurheiluhallit.fi\/wp-content\/uploads\/2024\/11\/WhatsApp-Image-2024-11-08-at-15.28.34-600x450.jpeg 600w, https:\/\/vihdinurheiluhallit.fi\/wp-content\/uploads\/2024\/11\/WhatsApp-Image-2024-11-08-at-15.28.34.jpeg 1600w\" sizes=\"(max-width: 1024px) 100vw, 1024px\" \/><\/figure>\n\n\n\n<figure class=\"wp-block-image size-large\"><img decoding=\"async\" width=\"1024\" height=\"768\" data-id=\"547\" src=\"https:\/\/vihdinurheiluhallit.fi\/wp-content\/uploads\/2024\/11\/WhatsApp-Image-2024-11-08-at-15.25.50-1024x768.jpeg\" alt=\"\" class=\"wp-image-547\" srcset=\"https:\/\/vihdinurheiluhallit.fi\/wp-content\/uploads\/2024\/11\/WhatsApp-Image-2024-11-08-at-15.25.50-1024x768.jpeg 1024w, https:\/\/vihdinurheiluhallit.fi\/wp-content\/uploads\/2024\/11\/WhatsApp-Image-2024-11-08-at-15.25.50-300x225.jpeg 300w, https:\/\/vihdinurheiluhallit.fi\/wp-content\/uploads\/2024\/11\/WhatsApp-Image-2024-11-08-at-15.25.50-768x576.jpeg 768w, https:\/\/vihdinurheiluhallit.fi\/wp-content\/uploads\/2024\/11\/WhatsApp-Image-2024-11-08-at-15.25.50-1536x1152.jpeg 1536w, https:\/\/vihdinurheiluhallit.fi\/wp-content\/uploads\/2024\/11\/WhatsApp-Image-2024-11-08-at-15.25.50-600x450.jpeg 600w, https:\/\/vihdinurheiluhallit.fi\/wp-content\/uploads\/2024\/11\/WhatsApp-Image-2024-11-08-at-15.25.50.jpeg 1600w\" sizes=\"(max-width: 1024px) 100vw, 1024px\" \/><\/figure>\n\n\n\n<figure class=\"wp-block-image size-large\"><img loading=\"lazy\" decoding=\"async\" width=\"1024\" height=\"768\" data-id=\"539\" src=\"https:\/\/vihdinurheiluhallit.fi\/wp-content\/uploads\/2024\/11\/WhatsApp-Image-2024-11-08-at-15.25.49-1024x768.jpeg\" alt=\"\" class=\"wp-image-539\" srcset=\"https:\/\/vihdinurheiluhallit.fi\/wp-content\/uploads\/2024\/11\/WhatsApp-Image-2024-11-08-at-15.25.49-1024x768.jpeg 1024w, https:\/\/vihdinurheiluhallit.fi\/wp-content\/uploads\/2024\/11\/WhatsApp-Image-2024-11-08-at-15.25.49-300x225.jpeg 300w, https:\/\/vihdinurheiluhallit.fi\/wp-content\/uploads\/2024\/11\/WhatsApp-Image-2024-11-08-at-15.25.49-768x576.jpeg 768w, https:\/\/vihdinurheiluhallit.fi\/wp-content\/uploads\/2024\/11\/WhatsApp-Image-2024-11-08-at-15.25.49-1536x1152.jpeg 1536w, https:\/\/vihdinurheiluhallit.fi\/wp-content\/uploads\/2024\/11\/WhatsApp-Image-2024-11-08-at-15.25.49-600x450.jpeg 600w, https:\/\/vihdinurheiluhallit.fi\/wp-content\/uploads\/2024\/11\/WhatsApp-Image-2024-11-08-at-15.25.49.jpeg 1600w\" sizes=\"(max-width: 1024px) 100vw, 1024px\" \/><\/figure>\n\n\n\n<figure class=\"wp-block-image size-large\"><img loading=\"lazy\" decoding=\"async\" width=\"1024\" height=\"768\" data-id=\"549\" src=\"https:\/\/vihdinurheiluhallit.fi\/wp-content\/uploads\/2024\/11\/WhatsApp-Image-2024-11-08-at-15.25.50-3-1024x768.jpeg\" alt=\"\" class=\"wp-image-549\" srcset=\"https:\/\/vihdinurheiluhallit.fi\/wp-content\/uploads\/2024\/11\/WhatsApp-Image-2024-11-08-at-15.25.50-3-1024x768.jpeg 1024w, https:\/\/vihdinurheiluhallit.fi\/wp-content\/uploads\/2024\/11\/WhatsApp-Image-2024-11-08-at-15.25.50-3-300x225.jpeg 300w, https:\/\/vihdinurheiluhallit.fi\/wp-content\/uploads\/2024\/11\/WhatsApp-Image-2024-11-08-at-15.25.50-3-768x576.jpeg 768w, https:\/\/vihdinurheiluhallit.fi\/wp-content\/uploads\/2024\/11\/WhatsApp-Image-2024-11-08-at-15.25.50-3-1536x1152.jpeg 1536w, https:\/\/vihdinurheiluhallit.fi\/wp-content\/uploads\/2024\/11\/WhatsApp-Image-2024-11-08-at-15.25.50-3-600x450.jpeg 600w, https:\/\/vihdinurheiluhallit.fi\/wp-content\/uploads\/2024\/11\/WhatsApp-Image-2024-11-08-at-15.25.50-3.jpeg 1600w\" sizes=\"(max-width: 1024px) 100vw, 1024px\" \/><\/figure>\n\n\n\n<figure class=\"wp-block-image size-large\"><img loading=\"lazy\" decoding=\"async\" width=\"1024\" height=\"768\" data-id=\"543\" src=\"https:\/\/vihdinurheiluhallit.fi\/wp-content\/uploads\/2024\/11\/WhatsApp-Image-2024-11-08-at-15.25.50-1-1024x768.jpeg\" alt=\"\" class=\"wp-image-543\" srcset=\"https:\/\/vihdinurheiluhallit.fi\/wp-content\/uploads\/2024\/11\/WhatsApp-Image-2024-11-08-at-15.25.50-1-1024x768.jpeg 1024w, https:\/\/vihdinurheiluhallit.fi\/wp-content\/uploads\/2024\/11\/WhatsApp-Image-2024-11-08-at-15.25.50-1-300x225.jpeg 300w, https:\/\/vihdinurheiluhallit.fi\/wp-content\/uploads\/2024\/11\/WhatsApp-Image-2024-11-08-at-15.25.50-1-768x576.jpeg 768w, https:\/\/vihdinurheiluhallit.fi\/wp-content\/uploads\/2024\/11\/WhatsApp-Image-2024-11-08-at-15.25.50-1-1536x1152.jpeg 1536w, https:\/\/vihdinurheiluhallit.fi\/wp-content\/uploads\/2024\/11\/WhatsApp-Image-2024-11-08-at-15.25.50-1-600x450.jpeg 600w, https:\/\/vihdinurheiluhallit.fi\/wp-content\/uploads\/2024\/11\/WhatsApp-Image-2024-11-08-at-15.25.50-1.jpeg 1600w\" sizes=\"(max-width: 1024px) 100vw, 1024px\" \/><\/figure>\n\n\n\n<figure class=\"wp-block-image size-large\"><img loading=\"lazy\" decoding=\"async\" width=\"1024\" height=\"768\" data-id=\"541\" src=\"https:\/\/vihdinurheiluhallit.fi\/wp-content\/uploads\/2024\/11\/WhatsApp-Image-2024-11-08-at-15.25.50-2-1024x768.jpeg\" alt=\"\" class=\"wp-image-541\" srcset=\"https:\/\/vihdinurheiluhallit.fi\/wp-content\/uploads\/2024\/11\/WhatsApp-Image-2024-11-08-at-15.25.50-2-1024x768.jpeg 1024w, https:\/\/vihdinurheiluhallit.fi\/wp-content\/uploads\/2024\/11\/WhatsApp-Image-2024-11-08-at-15.25.50-2-300x225.jpeg 300w, https:\/\/vihdinurheiluhallit.fi\/wp-content\/uploads\/2024\/11\/WhatsApp-Image-2024-11-08-at-15.25.50-2-768x576.jpeg 768w, https:\/\/vihdinurheiluhallit.fi\/wp-content\/uploads\/2024\/11\/WhatsApp-Image-2024-11-08-at-15.25.50-2-1536x1152.jpeg 1536w, https:\/\/vihdinurheiluhallit.fi\/wp-content\/uploads\/2024\/11\/WhatsApp-Image-2024-11-08-at-15.25.50-2-600x450.jpeg 600w, https:\/\/vihdinurheiluhallit.fi\/wp-content\/uploads\/2024\/11\/WhatsApp-Image-2024-11-08-at-15.25.50-2.jpeg 1600w\" sizes=\"(max-width: 1024px) 100vw, 1024px\" \/><\/figure>\n<\/figure>\n<\/div>\n<\/div>\n\n\n\n<p>&nbsp;<\/p>\n\n\n\n<h5 class=\"wp-block-heading\">Vapaavuorot harjoitushallissa 2025-2026<\/h5>\n\n\n\n<figure class=\"wp-block-table\"><table class=\"has-fixed-layout\"><tbody><tr><td>Ma<\/td><td>15:00 &#8211; 16:30<\/td><td>Mailalliset (alle 12 v)*<\/td><\/tr><tr><td>Ti<\/td><td>15:00 &#8211; 16:30<\/td><td>Mailattomat<\/td><\/tr><tr><td>Ke<\/td><td>15:00 &#8211; 16:30<\/td><td>Mailalliset*<\/td><\/tr><tr><td>To<\/td><td>15:00 &#8211; 16:30<\/td><td>Mailattomat<\/td><\/tr><tr><td>Pe<\/td><td>15:00 &#8211; 16:30<\/td><td>Mailattomat<\/td><\/tr><tr><td>Su<\/td><td>12:30 &#8211; 14:00 &nbsp;<\/td><td>Mailattomat<\/td><\/tr><\/tbody><\/table><\/figure>\n\n\n\n<p><em>Vapaavuorot alkavat 15.9.2025 ja p\u00e4\u00e4ttyv\u00e4t 15.4.2026.<\/em> V<em>apaavuoroja ei ole 24.12.-26.12. eik\u00e4 31.12.-1.1.<\/em> <em>Vapaavuorot ovat harjoitushallissa.<\/em><\/p>\n\n\n\n<p><strong>*HUOM. MAILALLISTEN VUOROLLA KYP\u00c4R\u00c4PAKKO!<\/strong><\/p>\n\n\n\n<h5 class=\"wp-block-heading\">Esbecon Areena kartalla<\/h5>\n\n\n\n<p><iframe style=\"border: 0;\" src=\"https:\/\/www.google.com\/maps\/embed?pb=!1m18!1m12!1m3!1d1974.4049578836307!2d24.32341145856215!3d60.339423752871085!2m3!1f0!2f0!3f0!3m2!1i1024!2i768!4f13.1!3m3!1m2!1s0x468de9b93f38d9fb%3A0x1848cb50b1f8ff5!2sEsbecon%20Areena!5e0!3m2!1sfi!2sfi!4v1722773261366!5m2!1sfi!2sfi\" width=\"600\" height=\"450\" allowfullscreen=\"allowfullscreen\"><\/iframe><\/p>\n\n\n\n<div class=\"wp-block-group\"><div class=\"wp-block-group__inner-container is-layout-constrained wp-block-group-is-layout-constrained\">\n<div data-wp-interactive=\"core\/file\" class=\"wp-block-file\"><object data-wp-bind--hidden=\"!state.hasPdfPreview\" hidden class=\"wp-block-file__embed\" data=\"https:\/\/vihdinurheiluhallit.fi\/wp-content\/uploads\/2025\/03\/Esbecon-Areena-hinnasto-2024-1.pdf\" type=\"application\/pdf\" style=\"width:100%;height:600px\" aria-label=\"Tiedoston Esbecon Areena hinnasto upotus.\"><\/object><a href=\"https:\/\/vihdinurheiluhallit.fi\/wp-content\/uploads\/2025\/03\/Esbecon-Areena-hinnasto-2024.pdf\">Esbecon Areena hinnasto<\/a><a href=\"https:\/\/vihdinurheiluhallit.fi\/wp-content\/uploads\/2025\/03\/Esbecon-Areena-hinnasto-2024-1.pdf\" class=\"wp-block-file__button wp-element-button\" download>Lataa<\/a><\/div>\n<\/div><\/div>\n\n\n\n<h5 class=\"wp-block-heading\">J\u00e4\u00e4hallien k\u00e4ytt\u00e4j\u00e4s\u00e4\u00e4nn\u00f6t<\/h5>\n\n\n\n<div id=\"wp-block-file--media-19667a7a-ca95-4113-91c2-a91d5716fc49\" class=\"wp-block-file\"><a id=\"wp-block-file--media-19667a7a-ca95-4113-91c2-a91d5716fc49\" href=\"https:\/\/vihdinurheiluhallit.fi\/wp-content\/uploads\/2024\/11\/Kayttajasaannot-Vihdin-jaahallit.pdf\">K\u00e4ytt\u00e4j\u00e4s\u00e4\u00e4nn\u00f6t Vihdin j\u00e4\u00e4hallit<\/a><a href=\"https:\/\/vihdinurheiluhallit.fi\/wp-content\/uploads\/2024\/11\/Kayttajasaannot-Vihdin-jaahallit.pdf\" class=\"wp-block-file__button wp-element-button\" download aria-describedby=\"wp-block-file--media-19667a7a-ca95-4113-91c2-a91d5716fc49\">Lataa<\/a><\/div>\n\n\n\n<p>&nbsp;<\/p>\n\n\n\n<p>&nbsp;<\/p>\n\n\n\n<h5 class=\"wp-block-heading\">Varaa yksitt\u00e4isvuoro<\/h5>\n\n\n\n<div id=\"vello-wizard\"><\/div><script type=\"text\/javascript\" language=\"javascript\">(function(d,s,i,c,j,a){a=d.getElementsByTagName(s)[0];if(d.getElementById(i))return;j=d.createElement(s);j.id=i;j.async=1;j.setAttribute(\"data-c\",c);j.src=\"https:\/\/static.vello.fi\/js\/wizard\/vwiz.js\";a.parentNode.insertBefore(j,a);}(document,\"script\",\"vello-wizard-sdk\",\"vihdin-jaahalli\"));<\/script>\n\n\n\n<p><\/p>\n","protected":false},"excerpt":{"rendered":"<p>Esbecon Areenan j\u00e4\u00e4hallit sijaitsevat osoitteessa Kuoppanummentie 20, Nummela. Kilpahallin puolella on seitsem\u00e4n pukuhuonetta, katsomo ja kokoustila. K\u00e4ynti harjoitushalliin tapahtuu p\u00e4\u00e4sis\u00e4\u00e4nk\u00e4ynnin kautta, kilpahallin l\u00e4pi. Harjoitushallissa ei ole erillist\u00e4 katsomoa. Esbecon Areenan kilpahallin puolella toimii my\u00f6s kahvio ja myym\u00e4l\u00e4, jotka ovat auki vain turnausp\u00e4ivin\u00e4. Luistinhuolto- ja teroitustilaukset tehd\u00e4\u00e4n kahviossa. &nbsp; Vapaavuorot harjoitushallissa 2025-2026 Ma 15:00 &#8211; 16:30 [&hellip;]<\/p>\n","protected":false},"author":3,"featured_media":265,"parent":0,"menu_order":0,"comment_status":"closed","ping_status":"closed","template":"","meta":{"footnotes":""},"class_list":["post-23","page","type-page","status-publish","has-post-thumbnail","hentry"],"_links":{"self":[{"href":"https:\/\/vihdinurheiluhallit.fi\/index.php?rest_route=\/wp\/v2\/pages\/23","targetHints":{"allow":["GET"]}}],"collection":[{"href":"https:\/\/vihdinurheiluhallit.fi\/index.php?rest_route=\/wp\/v2\/pages"}],"about":[{"href":"https:\/\/vihdinurheiluhallit.fi\/index.php?rest_route=\/wp\/v2\/types\/page"}],"author":[{"embeddable":true,"href":"https:\/\/vihdinurheiluhallit.fi\/index.php?rest_route=\/wp\/v2\/users\/3"}],"replies":[{"embeddable":true,"href":"https:\/\/vihdinurheiluhallit.fi\/index.php?rest_route=%2Fwp%2Fv2%2Fcomments&post=23"}],"version-history":[{"count":73,"href":"https:\/\/vihdinurheiluhallit.fi\/index.php?rest_route=\/wp\/v2\/pages\/23\/revisions"}],"predecessor-version":[{"id":741,"href":"https:\/\/vihdinurheiluhallit.fi\/index.php?rest_route=\/wp\/v2\/pages\/23\/revisions\/741"}],"wp:featuredmedia":[{"embeddable":true,"href":"https:\/\/vihdinurheiluhallit.fi\/index.php?rest_route=\/wp\/v2\/media\/265"}],"wp:attachment":[{"href":"https:\/\/vihdinurheiluhallit.fi\/index.php?rest_route=%2Fwp%2Fv2%2Fmedia&parent=23"}],"curies":[{"name":"wp","href":"https:\/\/api.w.org\/{rel}","templated":true}]}}